 prime?
True
Is 20543 a prime number?
True
Is 8767 composite?
True
Is 733687 prime?
True
Is 221581 a composite number?
False
Is 4751 a prime number?
True
Is 14109 a composite number?
True
Is 36289 composite?
True
Is 148643 a composite number?
True
Is 1634849 a prime number?
True
Is 22267 composite?
True
Is 8497 a prime number?
False
Is 13579 a composite number?
True
Is 8501 a prime number?
True
Is 32869 composite?
False
Is 38941 a prime number?
False
Is 1014089 composite?
False
Is 769205 composite?
True
Is 4189 a prime number?
False
Is 1012241 composite?
False
Is 12077 a prime number?
False
Is 609101 prime?
True
Is 1497 a prime number?
False
Is 502189 a prime number?
False
Is 25819 composite?
False
Is 6893 a prime number?
False
Is 16873 prime?
False
Is 9811 prime?
True
Is 146866 prime?
False
Is 14699 composite?
False
Is 262103 a composite number?
False
Is 214505 prime?
False
Is 28039 prime?
False
Is 2079811 a composite number?
False
Is 21211 composite?
False
Is 4207571 a composite number?
False
Is 83209 a prime number?
False
Is 10559 composite?
False
Is 102493 prime?
False
Is 18059 a prime number?
True
Is 5939 a prime number?
True
Is 8222 a prime number?
False
Is 35023 a composite number?
False
Is 187805 a composite number?
True
Is 449789 a prime number?
False
Is 16357 a prime number?
False
Is 186011 a composite number?
True
Is 16183 composite?
False
Is 1421137 a prime number?
False
Is 49589 a prime number?
False
Is 400559 a composite number?
False
Is 1047229 a composite number?
False
Is 35051 composite?
False
Is 292561 a prime number?
True
Is 8899 composite?
True
Is 16729 composite?
False
Is 39085 prime?
False
Is 65327 composite?
False
Is 57037 prime?
True
Is 300623 a composite number?
False
Is 212039 composite?
False
Is 37039 a prime number?
True
Is 992665 a prime number?
False
Is 146362 prime?
False
Is 48731 a prime number?
True
Is 1319 a prime number?
True
Is 122069 a composite number?
False
Is 102929 prime?
True
Is 140405 a composite number?
True
Is 293633 composite?
False
Is 4177 a prime number?
True
Is 629 a prime number?
False
Is 493967 a prime number?
True
Is 15877 composite?
False
Is 6159 a composite number?
True
Is 29173 composite?
False
Is 639937 prime?
True
Is 2362 prime?
False
Is 385181 a composite number?
True
Is 7061 prime?
False
Is 1341257 prime?
True
Is 23354 prime?
False
Is 44921 a prime number?
False
Is 13963 a composite number?
False
Is 245757 a prime number?
False
Is 9533 a prime number?
True
Is 324941 prime?
True
Is 18691 a composite number?
False
Is 394363 composite?
False
Is 12497 composite?
False
Is 300227 prime?
False
Is 731365 composite?
True
Is 5250851 prime?
True
Is 1305383 a prime number?
True
Is 4853 prime?
False
Is 170823 a prime number?
False
Is 7001 prime?
True
Is 17137 a composite number?
False
Is 256757 a composite number?
False
Is 876671 a prime number?
False
Is 2579 prime?
True
Is 237563 prime?
True
Is 3641 a composite number?
True
Is 383261 prime?
True
Is 4783 composite?
False
Is 1733 prime?
True
Is 40423 a composite number?
False
Is 19889 a prime number?
True
Is 337813 composite?
True
Is 917 a composite number?
True
Is 68357 prime?
False
Is 3683 a composite number?
True
Is 140111 prime?
True
Is 2108947 a prime number?
False
Is 819367 composite?
False
Is 9793 a prime number?
False
Is 2357603 a prime number?
False
Is 266177 composite?
False
Is 69053 a composite number?
True
Is 265193 prime?
True
Is 180157 a prime number?
False
Is 97213 prime?
True
Is 15259 prime?
True
Is 857453 prime?
True
Is 77195 prime?
False
Is 80763 a composite number?
True
Is 551909 a prime number?
True
Is 195967 a prime number?
True
Is 4931 a prime number?
True
Is 33513 a composite number?
True
Is 50959 prime?
False
Is 693569 prime?
True
Is 923641 prime?
True
Is 129595 prime?
False
Is 1651861 a prime number?
True
Is 1001713 composite?
False
Is 268349 a composite number?
True
Is 7031 a composite number?
True
Is 388361 a prime number?
False
Is 626341 a composite number?
False
Is 6761 composite?
False
Is 137383 prime?
True
Is 5349 prime?
False
Is 3547 composite?
False
Is 17257 prime?
True
Is 3761 prime?
True
Is 85331 prime?
True
Is 1465 a composite number?
True
Is 18779 a prime number?
False
Is 8509 composite?
True
Is 29117 a prime number?
False
Is 26081 composite?
True
Is 31351 a composite number?
True
Is 338383 a composite number?
False
Is 2257 a prime number?
False
Is 52357 prime?
False
Is 96259 a prime number?
True
Is 138959 a composite number?
False
Is 44351 a prime number?
True
Is 855173 a composite number?
True
Is 721498 prime?
False
Is 699 prime?
False
Is 576421 a prime number?
True
Is 819407 prime?
True
Is 1179219 a composite number?
True
Is 10391 composite?
False
Is 1657783 composite?
False
Is 3205 a prime number?
False
Is 671219 prime?
True
Is 7297 prime?
True
Is 136195 composite?
True
Is 197839 a composite number?
True
Is 74551 composite?
False
Is 1883731 a prime number?
True
Is 445231 prime?
False
Is 9733 composite?
False
Is 195901 a prime number?
False
Is 40519 prime?
True
Is 39085 prime?
False
Is 25013 prime?
True
Is 44747 prime?
False
Is 61687 composite?
False
Is 3779 composite?
False
Is 2095 composite?
True
Is 967 prime?
True
Is 596351 a prime number?
False
Is 69614 a prime number?
False
Is 38693 a composite number?
False
Is 12574 a prime number?
False
Is 43822 a composite number?
True
Is 50411 composite?
False
Is 49373 prime?
False
Is 3649 a prime number?
False
Is 95603 a composite number?
False
Is 631285 a composite number?
True
Is 32567 composite?
True
Is 35737 prime?
False
Is 57067 composite?
True
Is 425641 a prime number?
True
Is 215843 a composite number?
False
Is 41663 a prime number?
False
Is 1928401 prime?
True
Is 6761 a prime number?
True
Is 1037693 composite?
True
Is 659 composite?
False
Is 39427 prime?
False
Is 13047 a composite number?
True
Is 2275993 prime?
True
Is 3659 composite?
False
Is 33287 composite?
False
Is 10847 a composite number?
False
Is 32849 prime?
False
Is 9587 prime?
True
Is 20647 composite?
True
Is 14281 a composite number?
False
Is 2287 composite?
False
Is 775381 a composite number?
True
Is 21089 a composite number?
False
Is 467 prime?
True
Is 156601 a composite number?
False
Is 63793 a prime number?
True
Is 395423 a composite number?
True
Is 479801 prime?
False
Is 26017 a composite number?
False
Is 15701 a prime number?
False
Is 10021 a prime number?
False
Is 85973 composite?
True
Is 1187 a prime number?
True
Is 4703 a prime number?
True
Is 2424335 a composite number?
True
Is 3973 prime?
False
Is 824957 composite?
True
Is 82457 prime?
True
Is 2051 prime?
False
Is 685385 composite?
True
Is 42213 a prime number?
False
Is 22871 a prime number?
True
Is 86297 composite?
False
Is 11159 prime?
True
Is 9407 a prime number?
False
Is 154927 prime?
True
Is 15167 a prime number?
False
Is 3707 composite?
True
Is 45897 a composite number?
True
Is 103909 a composite number?
True
Is 1496111 composite?
False
Is 32233 prime?
True
Is 706403 composite?
False
Is 11101 prime?
False
Is 16477 composite?
False
Is 53539 prime?
False
Is 7895 composite?
True
Is 8101 composite?
False
Is 38557 a prime number?
True
Is 158902 composite?
True
Is 255661 a prime number?
False
Is 1893 prime?
False
Is 87509 a composite number?
False
Is 679 prime?
False
Is 65497 composite?
False
Is 16919 composite?
True
Is 166678 a composite number?
True
Is 45751 a prime number?
True
Is 136443 prime?
False
Is 7113 a composite number?
True
Is 93358 a composite number?
True
Is 490591 a prime number?
True
Is 3989 composite?
False
Is 55607 a prime number?
False
Is 13199 prime?
False
Is 2039 a composite number?
False
Is 465797 composite?
False
Is 658777 a composite number?
True
Is 695999 composite?
False
Is 14941 composite?
True
Is 2773 prime?
False
Is 13063 composite?
False
Is 164953 composite?
False
Is 31379 prime?
True
Is 137203 a prime number?
False
Is 666515 prime?
False
Is 29567 prime?
True
Is 123787 prime?
True
Is 7633 a composite number?
True
Is 13649 a prime number?
True
Is 134831 a prime number?
False
Is 35909 a prime number?
False
Is 830269 composite?
True
Is 203683 a prime number?
False
Is 561161 a prime number?
True
Is 17455 prime?
False
Is 154487 a composite number?
False
Is 299 a prime number?
False
Is 323915 a prime number?
